{"id":658,"date":"2025-10-14T08:53:37","date_gmt":"2025-10-14T08:53:37","guid":{"rendered":"https:\/\/citizenscop.net\/2025\/?page_id=658"},"modified":"2025-10-26T22:31:37","modified_gmt":"2025-10-26T22:31:37","slug":"presse","status":"publish","type":"page","link":"https:\/\/citizenscop.net\/2025\/presse\/","title":{"rendered":"Presse"},"content":{"rendered":"\n<h2 class=\"wp-block-heading\"><strong>Pressemitteilung<\/strong><br>vom 14.10.2025<\/h2>\n\n\n\n<h3 class=\"wp-block-heading\">Erste citizensCOP<br>&#8222;Conference of the People&#8220;<br>27.10. bis 2.11.25 online &amp; in Berlin<\/h3>\n\n\n\n<p><strong>B\u00fcrger*innen-Konferenz f\u00fcr Demokratie,<br>Menschenrechte, Klima-&amp; Umweltschutz<\/strong><\/p>\n\n\n\n<p><strong>Ziel: <\/strong>die Sozial-\u00d6kologische Gesellschafts-Transformation<br><strong>Motto:<\/strong> &#8222;selbstorganisiert in eine gerechte Zukunft&#8220;<\/p>\n\n\n\n<p>Die Bew\u00e4ltigung der lokalen, regionalen und globalen Probleme und Krisen wird<br>l\u00e4ngst an vielen Stellen angegangen. Alles was es braucht, ist ein geeigneter Copy-Paste<br>Ansatz, um die praktischen Konzepte bisher punktueller Projekte, \u00fcberregional zu<br>verbreiten.<br>Genau das ist das Ziel der citizensCOP. Als emanzipatorische Graswurzel-Initiative soll<br>sie Impulse f\u00fcr neue, dezentrale Entwicklungen liefern.<br>Es geht dabei um Empowerment und Wissenstransfer aus fast allen<br>gesellschaftlichen Bereichen, z.B\u2026<\/p>\n\n\n\n<ul class=\"wp-block-list\">\n<li>erz\u00e4hlt Kerstin Lopau vom SoLocal Energy e.V. aus Kassel, wie sie zusammen mit der<br>Nachbarschaft gro\u00dfe Solar Dachanlagen selbst bauen und das Konzept weiter verbreiten.<\/li>\n\n\n\n<li>Kristin Mansmann berichtet \u00fcber die Schritte zur Gr\u00fcndung des genossenschaftlichen<br>Supermarktes FoodHub M\u00fcnchen Market e.G.<\/li>\n\n\n\n<li>aus Benin, West-Afrika, stellt Marc Bernard das Klimaschutz-Konzept vor, bei dem<br>Menschen aus Nord und S\u00fcd direkt zusammengebracht werden, um gemeinsam<br>CO2 auf nat\u00fcrliche Weise zu binden.<\/li>\n\n\n\n<li>das Netzwerk f\u00fcr nachhaltige Sanit\u00e4rsysteme e.V. zeigt, wie wir Stoffkreisl\u00e4ufe wieder<br>schlie\u00dfen und vermeiden, wertvolle N\u00e4hrstoffe in Fl\u00fcsse und Meere zu sp\u00fclen.<\/li>\n\n\n\n<li>Mehrere Beitr\u00e4ge teilen Ans\u00e4tze zur \u00dcberwindung der industriellen Landwirtschaft.<\/li>\n<\/ul>\n\n\n\n<p><strong>Website: https:\/\/citizensCOP.net\/2025<\/strong><\/p>\n\n\n\n<p><strong>ONLINE-Formate<\/strong><br>Montag 27.10. bis Donnerstag 30.10.2025 jeweils 16-21 Uhr<\/p>\n\n\n\n<p><strong>Pr\u00e4senz in Berlin Kreuzberg<\/strong><br>Samstag 1.11. \/ 9:30-19:00 Uhr<br>Sonntag 2.11. \/ 9:30-14:30 Uhr<\/p>\n\n\n\n<p><strong>Pressekontakt<\/strong><\/p>\n\n\n\n<p>Thomas Finger<br> <br>M A I L: iSOEGEST {a t} posteo {d o t} org<\/p>\n\n\n\n<p>iSOEGEST ~ Initiative Sozial~\u00d6kologische Gesellschafts~Transformation<\/p>\n","protected":false},"excerpt":{"rendered":"<p>Pressemitteilungvom 14.10.2025 Erste citizensCOP&#8222;Conference of the People&#8220;27.10. bis 2.11.25 online &amp; in Berlin B\u00fcrger*innen-Konferenz f\u00fcr Demokratie,Menschenrechte, Klima-&amp; Umweltschutz Ziel: die Sozial-\u00d6kologische Gesellschafts-TransformationMotto: &#8222;selbstorganisiert in eine gerechte Zukunft&#8220; Die Bew\u00e4ltigung der &hellip; <a href=\"https:\/\/citizenscop.net\/2025\/presse\/\" class=\"more-link\"><span class=\"screen-reader-text\">Presse<\/span> weiterlesen <span class=\"meta-nav\">&rarr;<\/span><\/a><\/p>\n","protected":false},"author":1,"featured_media":0,"parent":0,"menu_order":0,"comment_status":"closed","ping_status":"closed","template":"","meta":{"footnotes":""},"class_list":["post-658","page","type-page","status-publish","hentry"],"yoast_head":"<!-- This site is optimized with the Yoast SEO plugin v27.5 - https:\/\/yoast.com\/product\/yoast-seo-wordpress\/ -->\n<title>Presse - citizensCOP 2025<\/title>\n<meta name=\"robots\" content=\"index, follow, max-snippet:-1, max-image-preview:large, max-video-preview:-1\" \/>\n<link rel=\"canonical\" href=\"https:\/\/citizenscop.net\/2025\/presse\/\" \/>\n<meta property=\"og:locale\" content=\"de_DE\" \/>\n<meta property=\"og:type\" content=\"article\" \/>\n<meta property=\"og:title\" content=\"Presse - citizensCOP 2025\" \/>\n<meta property=\"og:description\" content=\"Pressemitteilungvom 14.10.2025 Erste citizensCOP&#8222;Conference of the People&#8220;27.10. bis 2.11.25 online &amp; in Berlin B\u00fcrger*innen-Konferenz f\u00fcr Demokratie,Menschenrechte, Klima-&amp; Umweltschutz Ziel: die Sozial-\u00d6kologische Gesellschafts-TransformationMotto: &#8222;selbstorganisiert in eine gerechte Zukunft&#8220; Die Bew\u00e4ltigung der &hellip; Presse weiterlesen &rarr;\" \/>\n<meta property=\"og:url\" content=\"https:\/\/citizenscop.net\/2025\/presse\/\" \/>\n<meta property=\"og:site_name\" content=\"citizensCOP 2025\" \/>\n<meta property=\"article:modified_time\" content=\"2025-10-26T22:31:37+00:00\" \/>\n<meta name=\"twitter:card\" content=\"summary_large_image\" \/>\n<meta name=\"twitter:label1\" content=\"Gesch\u00e4tzte Lesezeit\" \/>\n\t<meta name=\"twitter:data1\" content=\"2\u00a0Minuten\" \/>\n<script type=\"application\/ld+json\" class=\"yoast-schema-graph\">{\"@context\":\"https:\\\/\\\/schema.org\",\"@graph\":[{\"@type\":\"WebPage\",\"@id\":\"https:\\\/\\\/citizenscop.net\\\/2025\\\/presse\\\/\",\"url\":\"https:\\\/\\\/citizenscop.net\\\/2025\\\/presse\\\/\",\"name\":\"Presse - citizensCOP 2025\",\"isPartOf\":{\"@id\":\"https:\\\/\\\/citizenscop.net\\\/2025\\\/#website\"},\"datePublished\":\"2025-10-14T08:53:37+00:00\",\"dateModified\":\"2025-10-26T22:31:37+00:00\",\"breadcrumb\":{\"@id\":\"https:\\\/\\\/citizenscop.net\\\/2025\\\/presse\\\/#breadcrumb\"},\"inLanguage\":\"de\",\"potentialAction\":[{\"@type\":\"ReadAction\",\"target\":[\"https:\\\/\\\/citizenscop.net\\\/2025\\\/presse\\\/\"]}]},{\"@type\":\"BreadcrumbList\",\"@id\":\"https:\\\/\\\/citizenscop.net\\\/2025\\\/presse\\\/#breadcrumb\",\"itemListElement\":[{\"@type\":\"ListItem\",\"position\":1,\"name\":\"Startseite\",\"item\":\"https:\\\/\\\/citizenscop.net\\\/2025\\\/\"},{\"@type\":\"ListItem\",\"position\":2,\"name\":\"Presse\"}]},{\"@type\":\"WebSite\",\"@id\":\"https:\\\/\\\/citizenscop.net\\\/2025\\\/#website\",\"url\":\"https:\\\/\\\/citizenscop.net\\\/2025\\\/\",\"name\":\"citizensCOP 2025\",\"description\":\"self-organized into a just future\",\"potentialAction\":[{\"@type\":\"SearchAction\",\"target\":{\"@type\":\"EntryPoint\",\"urlTemplate\":\"https:\\\/\\\/citizenscop.net\\\/2025\\\/?s={search_term_string}\"},\"query-input\":{\"@type\":\"PropertyValueSpecification\",\"valueRequired\":true,\"valueName\":\"search_term_string\"}}],\"inLanguage\":\"de\"}]}<\/script>\n<!-- \/ Yoast SEO plugin. -->","yoast_head_json":{"title":"Presse - citizensCOP 2025","robots":{"index":"index","follow":"follow","max-snippet":"max-snippet:-1","max-image-preview":"max-image-preview:large","max-video-preview":"max-video-preview:-1"},"canonical":"https:\/\/citizenscop.net\/2025\/presse\/","og_locale":"de_DE","og_type":"article","og_title":"Presse - citizensCOP 2025","og_description":"Pressemitteilungvom 14.10.2025 Erste citizensCOP&#8222;Conference of the People&#8220;27.10. bis 2.11.25 online &amp; in Berlin B\u00fcrger*innen-Konferenz f\u00fcr Demokratie,Menschenrechte, Klima-&amp; Umweltschutz Ziel: die Sozial-\u00d6kologische Gesellschafts-TransformationMotto: &#8222;selbstorganisiert in eine gerechte Zukunft&#8220; Die Bew\u00e4ltigung der &hellip; Presse weiterlesen &rarr;","og_url":"https:\/\/citizenscop.net\/2025\/presse\/","og_site_name":"citizensCOP 2025","article_modified_time":"2025-10-26T22:31:37+00:00","twitter_card":"summary_large_image","twitter_misc":{"Gesch\u00e4tzte Lesezeit":"2\u00a0Minuten"},"schema":{"@context":"https:\/\/schema.org","@graph":[{"@type":"WebPage","@id":"https:\/\/citizenscop.net\/2025\/presse\/","url":"https:\/\/citizenscop.net\/2025\/presse\/","name":"Presse - citizensCOP 2025","isPartOf":{"@id":"https:\/\/citizenscop.net\/2025\/#website"},"datePublished":"2025-10-14T08:53:37+00:00","dateModified":"2025-10-26T22:31:37+00:00","breadcrumb":{"@id":"https:\/\/citizenscop.net\/2025\/presse\/#breadcrumb"},"inLanguage":"de","potentialAction":[{"@type":"ReadAction","target":["https:\/\/citizenscop.net\/2025\/presse\/"]}]},{"@type":"BreadcrumbList","@id":"https:\/\/citizenscop.net\/2025\/presse\/#breadcrumb","itemListElement":[{"@type":"ListItem","position":1,"name":"Startseite","item":"https:\/\/citizenscop.net\/2025\/"},{"@type":"ListItem","position":2,"name":"Presse"}]},{"@type":"WebSite","@id":"https:\/\/citizenscop.net\/2025\/#website","url":"https:\/\/citizenscop.net\/2025\/","name":"citizensCOP 2025","description":"self-organized into a just future","potentialAction":[{"@type":"SearchAction","target":{"@type":"EntryPoint","urlTemplate":"https:\/\/citizenscop.net\/2025\/?s={search_term_string}"},"query-input":{"@type":"PropertyValueSpecification","valueRequired":true,"valueName":"search_term_string"}}],"inLanguage":"de"}]}},"_links":{"self":[{"href":"https:\/\/citizenscop.net\/2025\/wp-json\/wp\/v2\/pages\/658","targetHints":{"allow":["GET"]}}],"collection":[{"href":"https:\/\/citizenscop.net\/2025\/wp-json\/wp\/v2\/pages"}],"about":[{"href":"https:\/\/citizenscop.net\/2025\/wp-json\/wp\/v2\/types\/page"}],"author":[{"embeddable":true,"href":"https:\/\/citizenscop.net\/2025\/wp-json\/wp\/v2\/users\/1"}],"replies":[{"embeddable":true,"href":"https:\/\/citizenscop.net\/2025\/wp-json\/wp\/v2\/comments?post=658"}],"version-history":[{"count":2,"href":"https:\/\/citizenscop.net\/2025\/wp-json\/wp\/v2\/pages\/658\/revisions"}],"predecessor-version":[{"id":1100,"href":"https:\/\/citizenscop.net\/2025\/wp-json\/wp\/v2\/pages\/658\/revisions\/1100"}],"wp:attachment":[{"href":"https:\/\/citizenscop.net\/2025\/wp-json\/wp\/v2\/media?parent=658"}],"curies":[{"name":"wp","href":"https:\/\/api.w.org\/{rel}","templated":true}]}}